220 - -221102?
202112
In base 14, what is -11 + 370b3?
370a2
In base 10, what is -494 + -159?
-653
In base 12, what is 0 + 3238?
3238
In base 6, what is -103 - -34124?
34021
In base 10, what is -4 + 38760?
38756
In base 5, what is -4 - 430101?
-430110
In base 13, what is -786 + a2?
-6b4
In base 6, what is 2301400 - -30?
2301430
In base 4, what is -20211 - -3223?
-10322
In base 11, what is -179a4 - -5a?
-17945
In base 14, what is -161 - 43c?
-59d
In base 9, what is 158 + -457?
-288
In base 5, what is -2304022 + -10?
-2304032
In base 12, what is 1 - -4551?
4552
In base 10, what is -2585 - -18?
-2567
In base 8, what is 1 - -4035?
4036
In base 15, what is -2 - -1334e8?
1334e6
In base 13, what is 4 - -1cb?
202
In base 7, what is -4460010 + 14?
-4456663
In base 16, what is 335 + -76d?
-438
In base 11, what is 7 + 5235?
5241
In base 9, what is 137 + 22?
160
In base 9, what is 4 - -22728?
22733
In base 2, what is -11110010110101011100 - 11?
-11110010110101011111
In base 16, what is -4d4f + 165?
-4bea
In base 16, what is -2 + 1370?
136e
In base 12, what is 188 + -72?
116
In base 8, what is 157401 - -5?
157406
In base 10, what is 20 - 227?
-207
In base 4, what is 3 + -1201221?
-1201212
In base 7, what is 1141 - -45?
1216
In base 12, what is a62a + 14?
a642
In base 2, what is 11011000001010001 - -101?
11011000001010110
In base 10, what is -6096 + 59?
-6037
In base 10, what is -518821 - 4?
-518825
In base 12, what is 18394 + -27?
18369
In base 4, what is 0 - -33231010?
33231010
In base 6, what is 410550 - 113?
410433
In base 13, what is -19 - -1876?
185a
In base 5, what is 103 + -20010?
-14402
In base 4, what is -2213311 - 10?
-2213321
In base 4, what is -11 - 10110012?
-10110023
In base 7, what is -1153623 - -34?
-1153556
In base 3, what is -10012 + 110120?
100101
In base 7, what is 342 + 1141?
1513
In base 15, what is -5 + -1017c3?
-1017c8
In base 15, what is -904 - 4ce?
-dd3
In base 10, what is 1 + 67102?
67103
In base 10, what is 2 + -70126?
-70124
In base 5, what is -33122 - 34?
-33211
In base 5, what is -10323234 + -11?
-10323300
In base 7, what is 1115 - 1504?
-356
In base 3, what is -12121222 + 10101?
-12111121
In base 10, what is -10 - -6761?
6751
In base 4, what is 110 + -211211?
-211101
In base 7, what is 5 - -63214?
63222
In base 5, what is -44241 + -1123?
-100414
In base 8, what is 14620037 - -4?
14620043
In base 7, what is -5 - 4553?
-4561
In base 15, what is -27ea0 + -2?
-27ea2
In base 9, what is 565 - -483?
1158
In base 13, what is -160 - -30c?
17c
In base 2, what is 1 + -1000011010100100010101?
-1000011010100100010100
In base 2, what is -10011010011001 + -1101001?
-10011100000010
In base 2, what is -10101010101110100000 + -1?
-10101010101110100001
In base 5, what is 0 - 203031211?
-203031211
In base 11, what is -4558099 + 2?
-4558097
In base 13, what is 3 - -9a02a?
9a030
In base 9, what is -26 + -2780?
-2816
In base 4, what is -210 - -13102100?
13101230
In base 4, what is -1120 - -3201223?
3200103
In base 16, what is 2b + 9c29?
9c54
In base 15, what is 103 + 172?
275
In base 12, what is 5 - a48?
-a43
In base 9, what is 22 - 17031?
-17008
In base 11, what is 193240 + -5?
193236
In base 13, what is -922 - 5?
-927
In base 12, what is -1 - -5177?
5176
In base 10, what is 132646 + 4?
132650
In base 13, what is ba - 80?
3a
In base 3, what is 2122110 - -212110?
10111220
In base 14, what is 8a30 + 7b?
8aab
In base 11, what is -7a - 1a5?
-274
In base 9, what is -11082 - 315?
-11407
In base 5, what is -11 - -1243413?
1243402
In base 15, what is -5a9 + 34?
-575
In base 13, what is -3 + 4588?
4585
In base 7, what is -1 - 32?
-33
In base 10, what is -86387 + 3?
-86384
In base 16, what is 3 - -1664?
1667
In base 2, what is -10110101001 - 10010011111?
-101001001000
In base 6, what is -411 - 544?
-1355
In base 2, what is 111011000011 - -100001011101?
1011100100000
In base 14, what is -12 + -39bc?
-39d0
In base 12, what is 6a2660 + -3?
6a2659
In base 7, what is 11 + -1532520?
-1532506
In base 7, what is 4 + -2151560?
-2151553
In base 14, what is -22a032 + -4?
-22a036
In base 8, what is -5347 + 43?
-5304
In base 3, what is -1000112110 - -10?
-1000112100
In base 16, what is -48c7 - -2?
-48c5
In base 3, what is -1000101210 - 2111?
-1000111021
In base 11, what is -507 - -261?
-256
In base 9, what is -5 - 416438?
-416444
In base 15, what is -220 - 1b?
-23b
In base 14, what is 8407 + 4a?
8453
In base 2, what is -1111110001001 - -1010?
-1111101111111
In base 15, what is 4 - 3c523?
-3c51e
In base 16, what is -22bb9 - 2?
-22bbb
In base 6, what is -31 - -303210?
303135
In base 14, what is -c011b + 1?
-c011a
In base 15, what is 2a18 + 1?
2a19
In base 6, what is 123332 - 1010?
122322
In base 2, what is -10100 - 1101111011110?
-1101111110010
In base 4, what is 1013 + 10222?
11301
In base 16, what is -764 + -4?
-768
In base 14, what is 36 + 4b3?
509
In base 11, what is -166933 + -1?
-166934
In base 5, what is 2343 + 20141?
23034
In base 10, what is 26791 + 2?
26793
In base 11, what is 56 + -80?
-25
In base 12, what is 764 - 570?
1b4
In base 7, what is -50520 + -146?
-50666
In base 6, what is -14 - -3223?
3205
In base 7, what is -3631 - -50?
-3551
In base 2, what is -1001100 + -10100000?
-11101100
In base 2, what is 0 + 110110101101?
110110101101
In base 15, what is 2c9 + -121?
1a8
In base 4, what is -2012 - 110200?
-112212
In base 2, what is -1101000010000010 + -11010?
-1101000010011100
In base 5, what is 131 + -412343?
-412212
In base 8, what is 10 - -40476?
40506
In base 16, what is -65a0 + -b?
-65ab
In base 14, what is -4 - -1783?
177d
In base 13, what is -463 - 1b?
-481
In base 16, what is -83f - 3d?
-87c
In base 16, what is -6aea5 + -1?
-6aea6
In base 5, what is 3000 + -221000?
-213000
In base 8, what is -57 + -60200?
-60257
In base 5, what is 4444 - 304?
4140
In base 7, what is 1046 + -4033?
-2654
In base 2, what is -101 + -11011001101101001?
-11011001101101110
In base 13, what is -5b - -78a?
72c
In base 11, what is 7421 - 5?
7417
In base 10, what is -1419319 - -5?
-1419314
In base 16, what is -1c9 - -43?
-186
In base 2, what is -11010111 + -100010001?
-111101000
In base 14, what is -19 - -1a9b7?
1a99c
In base 16, what is -131c - 5?
-1321
In base 13, what is -3 + -1117b?
-11181
In base 12, what is 571 - a2?
48b
In base 14, what is -16 - -603?
5cb
In base 2, what is 110110100100010 - -1111?
110110100110001
In base 9, what is -2260600 - 0?
-2260600
In base 3, what is -211221 + 101220?
-110001
In base 15, what is 2286 + 7?
228d
In base 6, what is 1 + -1515135?
-1515134
In base 9, what is 3 + -76524?
-76521
In base 6, what is -405340 - 0?
-405340
In base 14, what is 5dcc8 + 4?
5dccc
In base 9, what is 71 - -27811?
27882
In base 6, what is -123345 - -201?
-123144
In base 13, what is -15a5 - 93?
-1668
In base 15, what is -3101 - 14?
-3115
In base 4, what is 11 + -2233213133?
-2233213122
In base 3, what is -21121021 - -2?
-21121012
In base 16, what is d800 - 3?
d7fd
In base 9, what is -18 - 3748?
-3767
In base 3, what is 20222 + 11211220?
12002212
In base 13, what is 1b9 - -16c9?
18b5
In base 10, what is -35424 + 4?
-35420
In base 2, what is -101001101010010100111 - 0?
-101001101010010100111
In base 16, what is 12b14 + 4?
12b18
In base 12, what is -2 - -189b4?
189b2
In base 16, what is -66c5 + -4f?
-6714
In base 12, what is -a18 - -114b?
333
In base 16, what is -28 + -5f?
-87
In base 10, what is -43025 + 4?
-43021
In base 11, what is 223 - 7?
217
In base 3, what is 1200 + -12001002?
-11222102
In base 7, what is 3362022 - 2?
3362020
In base 14, what is -16c - -1225?
1097
In base 12, what is -11406 + 18?
-113aa
In base 16, what is 109 + 1b?
124
In base 13, what is -18 + -7593?
-75ab
In base 3, what is -1022121210 - -21002?
-1022100201
In base 12, what is -343 - 2a0?
-623
In base 7, what is 2413 - -21033?
23446
In base 16, what is -1 + 1b89a?
1b899
In base 14, what is 6 + 66807?
6680d
In base 11, what is -15864 - -4?
-15860
In base 4, what is 300 + 21332?
22232
In base 4, what is -1 - -222021021?
222021020
In base 15, what is -5 + 201a?
2015
In base 7, what is -2503233 + -4?
-2503240
In base 2, what is 0 + 111011011100100010?
111011011100100010
In base 12, what is -603 - -ab?
-514
In base 6, what is -20202255 + 5?
-20202250
In base 2, what is -100010011001 + 10001100?